p = 2*p + 66. Let g be (7*3)/(p/(-209)). What is the highest common divisor of g and 19?
19
Let n(d) = d - 39 - 71 + 9*d + 22. Let k be n(17). Calculate the highest common divisor of k and 287.
41
Suppose 3*p - 8*p + 2*p + 36 = 0. What is the greatest common divisor of p and 4652?
4
Let m = -107 + 244. Suppose -m - 67 = -6*k. Suppose -k = -9*q + 38. Calculate the highest common factor of q and 4.
4
Suppose 101*l = 152*l - 319872. What is the greatest common factor of l and 16?
16
Let p = 6174 + -5668. Calculate the highest common divisor of 414 and p.
46
Let g = -678 - -718. Suppose 50 + g = 5*w. Calculate the greatest common divisor of w and 396.
18
Let y(j) = 430*j - 2085. Let o be y(9). What is the highest common divisor of o and 165?
15
Suppose -70*u + 2871 = -6089. What is the highest common factor of u and 1984?
64
Suppose 8*z - 13 = -5. Suppose -d + 23 = -z. Suppose -3*i - 2*c = -0*c - 30, 4*i + c = 35. Calculate the highest common divisor of d and i.
8
Let u(t) = 523*t - 2568. Let v be u(5). What is the highest common divisor of v and 376?
47
Suppose -5*k + 3 = -12. Suppose -k*g + a - 22 = g, g = -2*a - 10. Let y be 36 + 6/5*15/g. What is the greatest common divisor of 22 and y?
11
Let n(h) = -2*h - 7*h - 6 + 3*h + 9*h**2. Let d be n(14). What is the highest common factor of d and 54?
54
Let d(a) = 39*a**2 + 784*a + 317. Let h be d(-23). Calculate the highest common divisor of 2106 and h.
162
Let s be 60950/50 - (-27)/(-3). What is the highest common factor of 220 and s?
110
Suppose -109 - 45 = -22*h. Suppose x - 3 = -4*v + h, -34 = -x + 4*v. Suppose -5*l + 269 + 61 = 0. Calculate the highest common divisor of x and l.
22
Let u be (-707604)/(-126) + (-2)/(-21). Calculate the highest common divisor of u and 24.
24
Let w = -49 + 51. Suppose -5*m + 135 = w*i, -4*i - 56 = -3*m + 25. What is the highest common divisor of 45 and m?
9
Let f = -16638 - -16641. Calculate the highest common factor of 921 and f.
3
Let t(n) = -n**2 - 5*n + 6. Let z be t(-5). Suppose -c + z = -0*c. Suppose c*u + 23 = 149. Calculate the greatest common factor of 84 and u.
21
Let f(h) = -12*h + 21. Let r be f(-21). Let u be (-40)/(-7) - 2/(-7). Suppose -2*c = u, 0*c + 207 = 5*n - 4*c. Calculate the greatest common divisor of n and r.
39
Let g = 1096 - 1081. Let v(c) = 9*c + 11*c - 5*c. Let u be v(1). What is the greatest common factor of u and g?
15
Let n be 9/11 + -1 - (-162)/(-198). Let v = 39 - n. Suppose -d = -2*d + v. What is the greatest common factor of 50 and d?
10
Let g = 44 - 16. Let w(t) = t**3 + 125*t**2 - 528*t - 34490. Let a be w(-127). Calculate the highest common factor of a and g.
28
Let t = 5808 - 5754. Calculate the greatest common divisor of t and 98.
2
Let y = 12784 + 4920. Calculate the highest common factor of 8 and y.
8
Suppose -180*d + 185*d = 4*a - 4195, -1033 = -a - d. What is the highest common factor of 800 and a?
80
Let d(w) = -139*w**2 - 975*w - 2. Let x be d(-7). What is the highest common factor of 40 and x?
4
Suppose -2*t + 26*j - 28*j = -32, -4*t - j + 49 = 0. Calculate the greatest common factor of 4939 and t.
11
Suppose -5*y + 91 = 4*c, 19*c = -2*y + 17*c + 36. Suppose -y*o + 2385 = -10*o. What is the greatest common divisor of o and 53?
53
Let x be 92 + -13 + (-11 - -4 - -1) - -2. Calculate the greatest common factor of x and 1825.
25
Let r(y) = -147*y**2 + 3*y + 3. Let q be r(-1). Let v = -87 - q. Calculate the highest common divisor of v and 30.
30
Let k = 4675 + -4555. Calculate the highest common factor of 345 and k.
15
Let x = -15561 - -15649. Let g = -22 - -88. What is the greatest common factor of x and g?
22
Let t be 29/(-203) + (-15)/(-7). What is the greatest common divisor of t and 362?
2
Let j = -98198 + 98254. Let m = -14 + 35. Suppose 3*n = -0*n + m. Calculate the greatest common factor of j and n.
7
Let z(h) = h**2 - 26*h + 4. Let f be z(28). Suppose 3*p - 4*r - 72 = 0, 70*r - 73*r = 0. Calculate the greatest common factor of p and f.
12
Suppose 3*x - 16 = -g, -1 = -4*g - 9. Suppose -3*y + x = 0, -4*l - 12*y + 15*y = -234. Calculate the highest common factor of l and 270.
30
Let w(h) = 11*h**2 - 7*h - 44. Let m be w(8). What is the highest common factor of m and 6191?
151
Suppose -5*r = -4*o - 552, 4*r + 4*o = 409 + 11. Suppose 4 = -t - 3*t - m, 0 = m + 4. Suppose -5*j + 30 = -t*j. What is the highest common divisor of r and j?
6
Suppose 968 = 10*q + 128. Suppose 0 = -112*z + 114*z - 24. Calculate the greatest common divisor of z and q.
12
Let v = -5581 + 5702. What is the highest common divisor of 6413 and v?
121
Suppose -5*c = 4*h - 32 - 4, 0 = h + c - 10. Let u(m) = 12*m - 108. Let q be u(h). What is the greatest common divisor of 165 and q?
15
Let h be ((-312)/(-9) - 2)/(1 - 32/36). Calculate the highest common factor of h and 438.
6
Let i(b) = b**2 - 12*b + 8. Let y(g) = 38*g + 4. Let n be y(1). Suppose -12*m - n = -15*m. Let f be i(m). Calculate the greatest common divisor of f and 24.
12
Let b be 5488 + 77/(308/96). Calculate the greatest common factor of 312 and b.
104
Suppose 0 = 20*i + 17*i - 5809. Suppose 17*l = 3*z + 13*l - 149, 4*l - i = -3*z. Let n be ((-68)/1)/(6/(-6)). What is the highest common factor of z and n?
17
Let w(f) = -f**3 + 2*f**2 - 11*f + 88. Let y be w(4). Calculate the greatest common divisor of y and 2154.
6
Let z = -175 - -339. Let x = z - 155. Calculate the greatest common divisor of x and 639.
9
Let g be (7/((-154)/(-11)))/((-1)/(-180)). Calculate the highest common divisor of 41670 and g.
90
Let o be (-4252950)/(-15750) + 1/(-35). Suppose 0*t = 3*t - 90. What is the greatest common factor of o and t?
30
Let j = -3561 - -3570. Calculate the greatest common factor of 261 and j.
9
Let t(s) = s**2 + 50*s - 393. Let f be t(-57). What is the greatest common divisor of f and 15168?
6
Let b = 16 + -16. Suppose -4*h - 2*h = b. Suppose -736 = -4*x - h*x. What is the highest common factor of 46 and x?
46
Suppose 3*c = 5*s - 37, 5*c - c + 26 = 2*s. Suppose 0 = -4*r + 5*m - 4*m + 117, -2*m = -s*r + 147. What is the highest common divisor of 348 and r?
29
Let q(t) = 2*t**2 - 50*t - 258. Let w be q(-17). Suppose 2*f + 13*f = w. Let x = 64 + -38. What is the greatest common divisor of x and f?
26
Suppose -84 - 60 = -4*q. Let f = 58 - q. Let x be 6/12 - f/(-4). Calculate the highest common factor of 3 and x.
3
Let k be (-1)/(2/8 - 0). Let w be (-56 + k)/(-2 - (-3)/6). Suppose x - 130 = w. What is the greatest common factor of 10 and x?
10
Let t = -31 - -54. Let a be (81/(-2))/((-231)/1078). Let v be 506*(-10 - a/(-18)). Calculate the greatest common divisor of t and v.
23
Let p(w) = w**2 - 124*w + 2048. Let h be p(106). What is the greatest common divisor of h and 7?
7
Let p(l) = -2*l**3 - 95*l**2 + 20*l + 197. Let m be p(-48). Calculate the highest common factor of m and 23.
23
Suppose 13*y = -42 + 822. Let b(x) = x**2 + 21*x + 35. Let w be b(-20). What is the greatest common factor of w and y?
15
Let p = -3216 + 3536. What is the greatest common divisor of 70 and p?
10
Suppose 5*n - 4*x = -1154, 5*n - 2*x = -634 - 518. Let p = 500 + n. Let s be (-1932)/(-36) + 2/6. What is the greatest common divisor of p and s?
54
Suppose 60*b + n + 340 = 64*b, 0 = -4*b + 2*n + 336. Let v = 294 - 292. What is the greatest common factor of b and v?
2
Let r = -56 - -63. Let p = 53 - 56. Let q be 20 + (p - 3/(12/(-16))). Calculate the highest common divisor of q and r.
7
Suppose -292 - 44 = -2*c. Let a = 2921 + -1460. Let y = -1437 + a. What is the greatest common factor of y and c?
24
Let s(h) = h**2 + 48*h + 411. Let t be s(-11). Calculate the highest common divisor of t and 348.
4
Let g = 74 - 41. Suppose 4*s - k = 223, -3*s = -2*k + 40 - 211. Calculate the greatest common factor of s and g.
11
Suppose 4*f + i - 117 = 79, 2*i + 108 = 2*f. Calculate the greatest common divisor of f and 1010.
10
Let p = -18 + 73. Suppose 2*a = 8*b - 3*b + 2, b = -3*a + 3. Let o be (15 + -4)*(-3)/((-3)/a). Calculate the highest common divisor of p and o.
11
Suppose -2*i - 3*z + 53 + 126 = 0, 4*i - 365 = -5*z. Let w(c) = -2*c**3 - 4*c**2 - 5*c - 4. Let o be w(-4). Calculate the highest common factor of i and o.
20
Suppose -5*r - 14*b + 11*b - 32 = 0, 0 = 2*r - 4*b - 8. Let w be r*(3*(-25)/30 - -1). Calculate the greatest comm